 = -617 - -664. Calculate the remainder when 47 is divided by p.
0
Let l = 360 + -181. What is the remainder when l is divided by 13?
10
Let n = 357 + -287. What is the remainder when 204 is divided by n?
64
Suppose 0 = 2*d + a - 2, -2*a = -d - 4*d + 14. Suppose -4*k = -5*q - 49, -5 = -q - d. What is the remainder when 42 is divided by k?
10
Let b = 24 + -12. Let h = -7 + b. Let a(z) = -z**3 - 7*z**2 - 10*z - 15. What is the remainder when a(-6) is divided by h?
4
Suppose 4*y - 108 = 4. Calculate the remainder when 98 is divided by y.
14
Let n(c) = 3*c**2 + c + 1. Suppose 12 = -2*h + 6*h. Suppose h*x = 8*x + 10. What is the remainder when n(x) is divided by 6?
5
Suppose 10412 - 1902 = 46*v. Calculate the remainder when v is divided by 60.
5
Let t(p) = -p**3 + 4*p**2 + 3. Calculate the remainder when (-2500)/(-40)*(-8)/(-10) - 6 is divided by t(3).
8
Let u = -60 - -120. Suppose -5*x + 4*c = -u, x + c - 4 = -1. Calculate the remainder when 63 is divided by x.
7
Let q = -13 + 14. Let z(y) be the third derivative of y**5/6 + y**4/24 - 2*y**2. What is the remainder when z(q) is divided by 6?
5
Let k(c) = -c - 7. Let y be k(-5). Let q be y/(-13) + (-24)/(-13). Calculate the remainder when q + 3 + (-2 - -2) is divided by 3.
2
Let i = 16 + -6. Let r(b) = -b**3 + 6*b**2 + 11. Calculate the remainder when r(5) is divided by i.
6
Suppose g = -4*s + 161, 2*s = 16*g - 18*g + 82. Calculate the remainder when 103 is divided by s.
23
Let k be (-108)/(-45) + 2/(-5). Let z be (k - -1) + 7/(-7). Suppose 0 = x - z*s - 29, x - 4*s = 29. Calculate the remainder when 55 is divided by x.
26
Let f = 44 + -45. What is the remainder when 39 is divided by -6*(20/(-15) + f)?
11
Let z = 706 + -690. What is the remainder when 350 is divided by z?
14
Calculate the remainder when 41 is divided by ((-441)/(-315))/((-1)/(-10)).
13
Let z = -21 + 24. Suppose -z*m + 7 = 1. Calculate the remainder when 11 is divided by m.
1
Let f = 23 - -14. Let j = -17 + f. Calculate the remainder when j is divided by 7.
6
Suppose 16*s = 2*s + 126. What is the remainder when s is divided by 13/3 + (-2)/6?
1
Suppose 14*r = 10*r - 8. Let x be (46*(r - -3))/2. Suppose 0 = 4*v - x - 13. What is the remainder when 25 is divided by v?
7
Let t = -23 + 59. Let i = -232 - -232. Suppose -2*n - 5*z + t = i, -2*n - 3*n - 4*z = -73. What is the remainder when 51 is divided by n?
12
Let j(h) = h**2 + 32*h + 119. Let d(v) = -21*v - 1. Calculate the remainder when d(-6) is divided by j(-29).
29
Suppose 6*j - 88 = 2*j. Suppose 36 = 3*w - 4*k, -14*w + 9*w = -5*k - 60. Calculate the remainder when j is divided by w.
10
Suppose -12*w + 186 = -14*w. Let o = w - -97. What is the remainder when 15 is divided by o?
3
Suppose -836 = -19*u - 0*u. Calculate the remainder when 526 is divided by u.
42
Let g = -3 - -8. Calculate the remainder when -6*((-4)/18 - (-69)/(-54)) is divided by g.
4
Let i be (4/8)/((-1)/(-12)). Suppose -9*n + 4*n = -5. Calculate the remainder when (8/6)/(4/i) is divided by n.
0
Let c = 298 + -97. Suppose -4*v - 19*r + 199 = -14*r, -3*r = -v + 54. Calculate the remainder when c is divided by v.
48
Let g(n) = -n**2 + 13*n + 205. What is the remainder when g(20) is divided by (22/4)/((-1)/(-2))?
10
Let p be (-6)/(-4)*((-112)/(-12) + -6). What is the remainder when 195 is divided by ((448/p)/(-8))/((-2)/5)?
27
Let q be (0 - -1) + (5 - (5 + -3)). Suppose q*r - 78 = 6. Calculate the remainder when r is divided by 12.
9
Suppose 71 = 17*q - 16*q. Suppose -2*b - 4*v = -4*b + 140, 0 = b - v - q. Calculate the remainder when b is divided by 25.
22
Suppose -6*c - 440 = -50*c. What is the remainder when c is divided by 8?
2
Calculate the remainder when (5 - -116) + (-4 - (0 - 7)) is divided by 19.
10
Let s be (28/(-2))/(6/99). Let f = s - -402. What is the remainder when f is divided by 59?
53
Suppose -4*o + 3*o - 2*y + 6 = 0, -5*o + 9 = 3*y. Suppose 5*k - 35 = -5*w, o*w + 20 = 4*k + 2*w. What is the remainder when 4 is divided by k?
1
Let w = 296 - 145. Suppose -4*g + 3*i = -0*g - w, -5*i - 105 = -3*g. What is the remainder when 78 is divided by g?
38
Let w = 71 - 54. Suppose 2*a + 5*p - 126 = -w, 4*a = 3*p + 179. What is the remainder when a is divided by 17?
13
Suppose 2*g + 2*t - 61 - 17 = 0, 195 = 5*g - 4*t. Let a = 62 - g. What is the remainder when 44 is divided by a?
21
What is the remainder when 1/((-148)/(-146) + -1) is divided by 300/9*(-36)/(-48)?
23
What is the remainder when 247 is divided by -9 - 296/(-32) - 662/(-8)?
81
Calculate the remainder when 125 - (0 + -4 - -5) is divided by ((-35)/(-14))/((-1)/(-10)).
24
Suppose -8*k + 352 = 136. Let y = k + 9. Calculate the remainder when 71 is divided by y.
35
Let i(z) = -z**3 + z + 18. Let x = 3 + -3. Calculate the remainder when (-2536)/(-72) - (-6)/(-27) is divided by i(x).
17
Suppose 41*n = 23*n + 4428. Calculate the remainder when n is divided by 31.
29
Let n(a) = -a - 7. Suppose l = 5*l + 44. Let c be n(l). Suppose -8*s = -c*s - 24. Calculate the remainder when 17 is divided by s.
5
Let b(f) = f**3 + 15*f**2 - 17*f - 5. Let y(u) = 2*u + 28. Let t be y(-22). Calculate the remainder when b(t) is divided by 3.
2
Suppose -r - 2*y = -2*r + 175, 0 = 5*r + 2*y - 839. Suppose 53 = -5*m + x + r, 4*x = -m + 40. What is the remainder when 92/(-6)*(-1 + -1 - 1) is divided by m?
22
Let v be 1*(-4 + 3 + 1). Suppose v = q + q. What is the remainder when 23 - (-2 + q/(-3)) is divided by 14?
11
Suppose -3*w - 9 = 0, -14*w = 5*s - 13*w - 497. What is the remainder when s is divided by 21?
16
Let j be (-5)/(-15) - 13*2/(-3). Suppose -2*q + 17 + j = 0. What is the remainder when q is divided by 4?
1
Let w(v) = -3*v - 27 - 5*v - v + v. Let o be w(-6). Suppose -3*z + 24 = -o. Calculate the remainder when z is divided by 8.
7
Suppose -4*z = 3*u - 59, 0 = -4*z - 5*u + 38 + 23. What is the remainder when 63 is divided by z?
7
Let c(b) = 12*b**2 - 10*b - 3. What is the remainder when c(4) is divided by 8?
5
Let k(j) = -3*j**3 + 20*j**2 - 9*j - 5. What is the remainder when k(5) is divided by 45?
30
Let s = 77 + 42. Suppose 4*y = 5*z + s, 3*z - 5 = 3*y - 95. Calculate the remainder when 120 is divided by y.
27
Calculate the remainder when (-3)/(-6)*14*(-18)/(-21) is divided by 5.
1
Let d(a) = a**3 - a**2 + a - 2. Let k be 0*(-1 - (-3 + 1)). Let l be d(k). What is the remainder when (-2 - -47)*(l - -3) is divided by 8?
5
Suppose 40 = 4*v - 3*r - 0*r, -v = -3*r - 19. What is the remainder when 94 is divided by v?
3
Let n = -95 + 101. Let a = 10 + 48. Calculate the remainder when a is divided by n.
4
Suppose 2*j = u + 76, 0 = 4*j - 13*u + 18*u - 138. Calculate the remainder when j is divided by (-2)/(-3) - 28/(-3).
7
Suppose -55 = 7*j - 251. Suppose 23*x = j*x - 425. What is the remainder when x is divided by 29?
27
Let g = 44 - -40. Calculate the remainder when g is divided by 5.
4
Suppose -2*g - 13 = -z, -4*z + 3*z + 1 = g. Suppose 0 = -z*b + a + 429, -2*b + 0*b + 158 = 3*a. Calculate the remainder when b is divided by 30.
25
Let g = -14 - -27. Let o(q) = 13*q - 19. Let i be o(3). Suppose -i*x + 76 = -18*x. Calculate the remainder when x is divided by g.
12
Suppose 0 = -6*m + 2*m + 20. Let u(p) = -3*p + 1. Let y be u(-8). What is the remainder when (-26)/(-4)*50/y is divided by m?
3
Let x(v) = v**2 + 7*v + 10. Let z be x(-5). Suppose -5*b - 3*b + 1112 = z. Calculate the remainder when b is divided by 35.
34
Let d(s) = -9*s + 41. Let x(w) = -19*w + 81. Let u(o) = 13*d(o) - 6*x(o). Calculate the remainder when u(6) is divided by 8.
5
Let y = -55 + 35. Let b = 7 - 5. What is the remainder when 27 is divided by b - (y/2 + 2)?
7
Let z(x) = x**2 - 7*x + 4. Let p be z(7). Let y = -51 - -136. Suppose -y = -p*t + 23. Calculate the remainder when t is divided by 7.
6
Let t be -2*4/8 + 6. Suppose -t*m - f = -5, 2*m - f + 21 = -6*f. Suppose 0 = m*n - 4 - 12. Calculate the remainder when 30 is divided by n.
6
Let i(d) = -10*d**2 - 163*d + 4. Calculate the remainder when 205 is divided by i(-16).
49
What is the remainder when 382 is divided by (7/(-3))/(9/(-135) - 0)?
32
Let u(v) = 4*v + 1. Suppose 8*o - 168 - 88 = 0. What is the remainder when o is divided by u(3)?
6
Let z(o) = o**2 - 9*o + 11. Let v be z(8). Suppose 6*q = v*q + 117. Calculate the remainder when (-6)/q + 2970/39 is d